 11 = 5*t. Suppose -5*j + 15 = 0, -y - 2*j + t = -0*y. What is the greatest common factor of 25 and y?
5
Let n = 18 - 13. Suppose -5*h + n = -15, -5*o + 2*h = -17. What is the highest common divisor of o and 45?
5
Let l be 2/(-5) + (-93)/5. Let j = -11 - l. Let i be (-3)/(-12) + 14/8. Calculate the greatest common divisor of j and i.
2
Let b(r) = 1. Let f(t) = -t**2 + 2*t + 14. Let g(s) = 6*b(s) - f(s). Let m be g(-6). Calculate the highest common divisor of m and 10.
10
Let h(f) = -f**2 + 8*f + 4. Let s be h(8). Calculate the greatest common factor of s and 4.
4
Suppose 8*p - 30 = 138. Calculate the greatest common divisor of p and 105.
21
Let u(m) = -9*m**3 + m**2. Let h(j) = j**3 - 2*j**2 - 9*j + 3. Let f be h(4). Let v be u(f). What is the greatest common factor of 5 and v?
5
Suppose -39 + 9 = -5*r. Let c be -1 + (3 - 2) + 4. Let g be 21/c - 6/(-8). Calculate the highest common factor of r and g.
6
Let q(v) = 0 + 4 + 2*v**2 + 14*v - 6*v. Let r be q(-5). What is the greatest common factor of r and 14?
14
Suppose 58 + 208 = 7*l. What is the greatest common factor of l and 152?
38
Let z(d) = 4*d**2 + 2*d - 5. Let x be z(5). Let r(t) = -t**2 + 14*t + 36. Let f be r(15). What is the highest common factor of x and f?
21
Let i be ((-16)/10)/((-3)/210). Calculate the greatest common divisor of i and 16.
16
Let g = 198 - 44. What is the highest common divisor of 14 and g?
14
Let x be (6/12)/(2/16). Suppose 0*t = x*t - 200. What is the highest common factor of 125 and t?
25
Suppose -a - 4*h + 17 = -14, -3*a - 4*h + 53 = 0. Calculate the highest common divisor of 11 and a.
11
Let p be -77*(0 - 1 - 2). Let g = -110 + p. Calculate the greatest common factor of 11 and g.
11
Suppose 5*i - 463 + 183 = 0. Suppose -5*p + 57 = 3*g, -g + 5 = p - 4*p. What is the highest common divisor of g and i?
14
Let y(b) = -5*b + 8. Let d(h) = h**2 - 2*h + 4. Let g be d(3). Let f be y(g). Let z = -9 - f. Calculate the highest common divisor of z and 2.
2
Let a = 18 + -11. Suppose 0*o = -2*o - 272. Let i = 213 + o. What is the highest common divisor of a and i?
7
Let i = 10 - 1. Let k = 202 - 121. Calculate the highest common factor of i and k.
9
Let c(a) = -a**3 - 6*a**2 - 2*a - 2. Let o be c(-6). Let d(y) = -y**3 + 8*y**2 + 6*y + 2. Let t be d(6). What is the highest common factor of o and t?
10
Let x = -9 + 19. Calculate the greatest common factor of 110 and x.
10
Let u(p) = 3*p**2 - p - 6. Let y be u(6). Suppose 3*r + 0*r = y. Calculate the greatest common factor of r and 4.
4
Let c be 2 - (-2)/4*0. Suppose -3*z + 75 = 5*a, 2*z + 3*z - 156 = c*a. Calculate the greatest common factor of 75 and z.
15
Let w(p) = -p + 11. Let r be w(8). Let l(t) = t**2 - 4*t + 6. Let k be l(r). What is the highest common factor of 33 and k?
3
Let o be (-114)/(-9) + (-16)/(-12). What is the highest common factor of o and 7?
7
Suppose -3*i = -5*i + 10. Suppose 0 = 4*s - 57 + i. Calculate the highest common factor of s and 91.
13
Let l be 40/(-15)*4*3/(-2). What is the greatest common divisor of l and 80?
16
Let k = -4 - -31. Calculate the highest common divisor of 18 and k.
9
Suppose v - 52 - 19 = -l, 2*l - 3*v = 137. Let k(x) = x**3 - x**2 - 2*x + 14. Let i be k(0). Calculate the greatest common factor of i and l.
14
Let b(n) = -n. Let q be b(-1). Let u be (-1 + (3 - -1))*q. Suppose -u*r + 23 = 5*g - 22, -2*r = 4*g - 38. What is the greatest common divisor of g and 132?
12
Suppose -5*s = -4*s - 28. What is the greatest common factor of 14 and s?
14
Suppose -2*v + 2 = -0*v. Let n = 16 + -11. Let t be v/((1/n)/1). Calculate the highest common factor of 45 and t.
5
Let j = 2 + 0. Let o be ((-2)/(-3))/(28/42). Calculate the highest common divisor of o and j.
1
Let a(r) = 0 + 2*r + r + 1 + 2. Let l be a(11). What is the greatest common factor of l and 4?
4
Let c(q) = 2*q**2 + 6*q + 5. Let d be c(-3). Calculate the highest common divisor of d and 40.
5
Let n(l) = 4 + 6*l**2 - 5*l**2 + 0*l**2. Suppose -2*g - 2 = 4. Let r be n(g). What is the highest common divisor of 143 and r?
13
Let j = 3 + -2. Let f = j + 1. Suppose -3*y = f*y - 10. Calculate the highest common factor of y and 4.
2
Let n(h) = h**2 - 5*h + 3. Let z be n(5). Suppose 0 = -z*k + 3*i + 21, -2*i - 3*i = 20. What is the highest common factor of 9 and k?
3
Let b be 6/(-9) + 1851/9. Let k = b + -101. What is the greatest common divisor of k and 13?
13
Let i(z) = -z**3 - 18*z**2 + 3*z - 18. Let f be i(-19). What is the highest common divisor of f and 26?
26
Suppose -m + 64 = 4*l, -35 = -4*l - 4*m + 17. Calculate the highest common divisor of l and 187.
17
Let i(u) = -16*u**2 + 13*u + 4. Let j(q) = 4*q**2 - 3*q - 1. Let a(f) = 2*i(f) + 9*j(f). Let y be a(-1). What is the highest common divisor of 20 and y?
4
Let x be 14/(-4)*(-4)/2. Calculate the greatest common divisor of 133 and x.
7
Let q be (-10)/4*-28*(-42)/(-12). Calculate the greatest common factor of q and 70.
35
Let m = -63 + 7. Let b = 89 + m. What is the highest common divisor of 11 and b?
11
Let f = 33 - 18. Suppose u = -4*u + f. Suppose 2*k + 3*p = 36, -2*p + 56 = 5*k - u*p. What is the highest common factor of k and 8?
4
Let g = -2 + 5. Let a(h) = 10*h + 2. Let o be a(g). Suppose 2*v = 0, -8*i = -4*i + 5*v - 32. Calculate the greatest common factor of o and i.
8
Suppose -4*b + 2*q = -113 - 47, 0 = -5*b + 2*q + 199. Let p = -16 + b. What is the highest common divisor of 253 and p?
23
Let x be 3 - (1 + 0 + -3). Suppose -x = -2*c + 2*w - 1, -14 = -4*c + w. What is the greatest common factor of c and 44?
4
Let d(s) = -s**2 + 2 + 7*s - 5 + 2 + 4. Let j be d(7). Calculate the greatest common factor of j and 9.
3
Let g(o) = 2*o. Suppose -4*k - 2*s + 17 = -s, 4*s - 20 = 0. Let j be g(k). What is the greatest common divisor of j and 3?
3
Let a(i) = -37*i**2 - 3*i + 5. Let j(d) = 38*d**2 + 4*d - 6. Let q(c) = -5*a(c) - 4*j(c). Let r be q(-1). Calculate the greatest common factor of r and 11.
11
Let f = 44 + -23. Let c = f - 11. What is the highest common divisor of c and 90?
10
Let y = -6 - -139. Let k be (1 - 0/(-1))*0. Suppose -5*b + y - 33 = k. What is the highest common factor of b and 30?
10
Let l(p) = -44*p + 1. Let n be l(7). Let q = n - -514. Calculate the highest common divisor of 23 and q.
23
Suppose 0*j - 5*j + 10 = 5*g, j = 4*g + 12. Let t be (-54)/(-13) - j/26. Calculate the greatest common factor of t and 20.
4
Let c = -2 + 70. Suppose l + 0*l = c. Calculate the greatest common factor of 17 and l.
17
Suppose x + 2*x = 6. Suppose -6 = -x*s + 30. Let k be 317/7 + (-8)/28. What is the greatest common divisor of s and k?
9
Suppose -6*b + 2*b + 288 = 0. Let h be (1 - 0 - -47)*1. What is the highest common divisor of b and h?
24
Let n be (1/2)/(2/8). Let s = n - -3. Let c be 16 - (0 + 2 - 1). Calculate the greatest common factor of s and c.
5
Let v be ((-12)/10)/(6/(-280)). What is the highest common factor of 14 and v?
14
Suppose 2*v + 5*j = 213, -v + 62 = -5*j - 37. Let f be -1*3/(-3)*v. Calculate the highest common factor of f and 13.
13
Suppose 0*z + 3*z - 282 = 0. Suppose -5*u = x - 0*x + 49, 5*u - 121 = 4*x. Let s = x + z. What is the highest common divisor of 40 and s?
20
Let q be 4/(-12)*(-12)/1. Suppose -2 = -q*g + 22. What is the highest common divisor of 4 and g?
2
Let v(x) = -x**2 + 15*x + 122. Let p be v(19). Let u = 25 + 44. What is the highest common factor of u and p?
23
Let q(b) = -1 + 0*b - 2 + 2 - b. Let n be q(-7). Calculate the greatest common divisor of 9 and n.
3
Suppose -p = 3*p - 16. What is the greatest common factor of p and 44?
4
Let f = -1 + 6. Let k = f + 1. Let m(d) = d + 7. Let b be m(-3). What is the greatest common factor of b and k?
2
Let x(b) = 8*b**2 + 4*b - 6. Let a be x(-5). Calculate the highest common factor of 29 and a.
29
Let b be ((4 - 2)*1)/(-1). Let i = 20 + b. Calculate the highest common factor of i and 18.
18
Let p be (14 - 0)*(2 - 1). Suppose -k = -6*k. Suppose k = -x + 1 + 1. Calculate the highest common divisor of p and x.
2
Let x be -3 + (3 - 2)*-3. Let g be (-4)/(-3)*x*-1. Suppose k + g = 2*k. What is the highest common divisor of k and 80?
8
Let b(q) = q**3 - 6*q**2 - 8*q + 8. Let r be b(8). Calculate the greatest common factor of r and 48.
24
Let v be (-2 - -30)/((-1)/(-1)). Let l(o) = -53*o - 1. Let p be l(-4). Supp